{"id":44776,"date":"2026-05-01T08:00:00","date_gmt":"2026-05-01T06:00:00","guid":{"rendered":"https:\/\/www.timevision.it\/timetotalk\/?post_type=podcast&#038;p=44776"},"modified":"2026-04-28T15:51:11","modified_gmt":"2026-04-28T13:51:11","slug":"generazioni-a-confronto","status":"publish","type":"podcast","link":"https:\/\/www.timevision.it\/timetotalk\/podcast\/generazioni-a-confronto\/","title":{"rendered":"Generazioni a confronto"},"content":{"rendered":"\n<p class=\"wp-block-paragraph\">Baby Boomers, Gen X, Millennials, Gen Z.<br>Etichette che usiamo ogni giorno per spiegare il lavoro\u2026 ma quanto raccontano davvero la realt\u00e0?<br>In questa puntata di Time to Talk, Maurizio Fiengo ospita Rachele Focardi, tra le voci pi\u00f9 autorevoli sul tema delle generazioni e autrice del libro \u201cGenerazioni a confronto\u201d.<br>Partiamo da una domanda semplice solo in apparenza: il lavoro ha lo stesso significato per tutte le generazioni o cambia radicalmente a seconda di quando entri nel mercato?<br>Dai Baby Boomers, cresciuti con l\u2019idea del posto fisso, fino alla Gen Z, che non accetta ambienti tossici e cambia senza troppi rimpianti, il lavoro si trasforma insieme alle persone che lo vivono.<br>Non \u00e8 solo una questione di et\u00e0, ma di contesto, aspettative, possibilit\u00e0 e limiti.<br>Durante la conversazione tocchiamo anche un tema centrale: siamo davvero partiti tutti dallo stesso punto?<br>Sulla carta s\u00ec, ma nella pratica ogni generazione ha incontrato ostacoli diversi, spesso invisibili, legati al periodo storico, al mercato e alla cultura del lavoro.<br>Una puntata che non d\u00e0 risposte definitive, ma aiuta a leggere meglio il presente.<br>Perch\u00e9 capire le generazioni significa capire il lavoro\u2026 e forse anche un po\u2019 noi stessi.<\/p>\n","protected":false},"author":27,"featured_media":44777,"parent":0,"menu_order":0,"comment_status":"closed","ping_status":"closed","template":"","format":"standard","meta":{"_acf_changed":false,"content-type":"","footnotes":""},"ai-talks":[],"categoria":[28],"modalita-dascolto":[15],"trend":[],"ppma_author":[47,106],"class_list":["post-44776","podcast","type-podcast","status-publish","format-standard","has-post-thumbnail","hentry","categoria-crescita-professionale","modalita-dascolto-gratis"],"acf":[],"yoast_head":"<!-- This site is optimized with the Yoast SEO plugin v25.3 - https:\/\/yoast.com\/wordpress\/plugins\/seo\/ -->\n<title>Generazioni a confronto - Time To Talk - Timevision<\/title>\n<meta name=\"description\" content=\"Con Rachele Focardi parliamo di generazioni e lavoro: significati diversi, ostacoli, cambiamenti e rivoluzioni. Dal posto fisso al burnout, fino alla nuova idea di libert\u00e0.\" \/>\n<meta name=\"robots\" content=\"index, follow, max-snippet:-1, max-image-preview:large, max-video-preview:-1\" \/>\n<link rel=\"canonical\" href=\"https:\/\/www.timevision.it\/timetotalk\/podcast\/generazioni-a-confronto\/\" \/>\n<meta property=\"og:locale\" content=\"it_IT\" \/>\n<meta property=\"og:type\" content=\"article\" \/>\n<meta property=\"og:title\" content=\"Generazioni a confronto - Time To Talk - Timevision\" \/>\n<meta property=\"og:description\" content=\"Con Rachele Focardi parliamo di generazioni e lavoro: significati diversi, ostacoli, cambiamenti e rivoluzioni. Dal posto fisso al burnout, fino alla nuova idea di libert\u00e0.\" \/>\n<meta property=\"og:url\" content=\"https:\/\/www.timevision.it\/timetotalk\/podcast\/generazioni-a-confronto\/\" \/>\n<meta property=\"og:site_name\" content=\"Time To Talk - Timevision\" \/>\n<meta property=\"og:image\" content=\"https:\/\/www.timevision.it\/timetotalk\/wp-content\/uploads\/2026\/04\/6528270_3345914.jpg\" \/>\n\t<meta property=\"og:image:width\" content=\"2000\" \/>\n\t<meta property=\"og:image:height\" content=\"2000\" \/>\n\t<meta property=\"og:image:type\" content=\"image\/jpeg\" \/>\n<meta name=\"twitter:card\" content=\"summary_large_image\" \/>\n<meta name=\"twitter:label1\" content=\"Tempo di lettura stimato\" \/>\n\t<meta name=\"twitter:data1\" content=\"2 minuti\" \/>\n<script type=\"application\/ld+json\" class=\"yoast-schema-graph\">{\"@context\":\"https:\/\/schema.org\",\"@graph\":[{\"@type\":\"WebPage\",\"@id\":\"https:\/\/www.timevision.it\/timetotalk\/podcast\/generazioni-a-confronto\/\",\"url\":\"https:\/\/www.timevision.it\/timetotalk\/podcast\/generazioni-a-confronto\/\",\"name\":\"Generazioni a confronto - Time To Talk - Timevision\",\"isPartOf\":{\"@id\":\"https:\/\/www.timevision.it\/timetotalk\/#website\"},\"primaryImageOfPage\":{\"@id\":\"https:\/\/www.timevision.it\/timetotalk\/podcast\/generazioni-a-confronto\/#primaryimage\"},\"image\":{\"@id\":\"https:\/\/www.timevision.it\/timetotalk\/podcast\/generazioni-a-confronto\/#primaryimage\"},\"thumbnailUrl\":\"https:\/\/www.timevision.it\/timetotalk\/wp-content\/uploads\/2026\/04\/6528270_3345914.jpg\",\"datePublished\":\"2026-05-01T06:00:00+00:00\",\"description\":\"Con Rachele Focardi parliamo di generazioni e lavoro: significati diversi, ostacoli, cambiamenti e rivoluzioni. Dal posto fisso al burnout, fino alla nuova idea di libert\u00e0.\",\"breadcrumb\":{\"@id\":\"https:\/\/www.timevision.it\/timetotalk\/podcast\/generazioni-a-confronto\/#breadcrumb\"},\"inLanguage\":\"it-IT\",\"potentialAction\":[{\"@type\":\"ReadAction\",\"target\":[\"https:\/\/www.timevision.it\/timetotalk\/podcast\/generazioni-a-confronto\/\"]}]},{\"@type\":\"ImageObject\",\"inLanguage\":\"it-IT\",\"@id\":\"https:\/\/www.timevision.it\/timetotalk\/podcast\/generazioni-a-confronto\/#primaryimage\",\"url\":\"https:\/\/www.timevision.it\/timetotalk\/wp-content\/uploads\/2026\/04\/6528270_3345914.jpg\",\"contentUrl\":\"https:\/\/www.timevision.it\/timetotalk\/wp-content\/uploads\/2026\/04\/6528270_3345914.jpg\",\"width\":2000,\"height\":2000},{\"@type\":\"BreadcrumbList\",\"@id\":\"https:\/\/www.timevision.it\/timetotalk\/podcast\/generazioni-a-confronto\/#breadcrumb\",\"itemListElement\":[{\"@type\":\"ListItem\",\"position\":1,\"name\":\"Home\",\"item\":\"https:\/\/www.timevision.it\/timetotalk\/\"},{\"@type\":\"ListItem\",\"position\":2,\"name\":\"Podcast\",\"item\":\"https:\/\/www.timevision.it\/timetotalk\/podcast\/\"},{\"@type\":\"ListItem\",\"position\":3,\"name\":\"Generazioni a confronto\"}]},{\"@type\":\"WebSite\",\"@id\":\"https:\/\/www.timevision.it\/timetotalk\/#website\",\"url\":\"https:\/\/www.timevision.it\/timetotalk\/\",\"name\":\"Time To Talk - Timevision\",\"description\":\"\",\"publisher\":{\"@id\":\"https:\/\/www.timevision.it\/timetotalk\/#organization\"},\"potentialAction\":[{\"@type\":\"SearchAction\",\"target\":{\"@type\":\"EntryPoint\",\"urlTemplate\":\"https:\/\/www.timevision.it\/timetotalk\/?s={search_term_string}\"},\"query-input\":{\"@type\":\"PropertyValueSpecification\",\"valueRequired\":true,\"valueName\":\"search_term_string\"}}],\"inLanguage\":\"it-IT\"},{\"@type\":\"Organization\",\"@id\":\"https:\/\/www.timevision.it\/timetotalk\/#organization\",\"name\":\"Time To Talk - Timevision\",\"url\":\"https:\/\/www.timevision.it\/timetotalk\/\",\"logo\":{\"@type\":\"ImageObject\",\"inLanguage\":\"it-IT\",\"@id\":\"https:\/\/www.timevision.it\/timetotalk\/#\/schema\/logo\/image\/\",\"url\":\"\",\"contentUrl\":\"\",\"caption\":\"Time To Talk - Timevision\"},\"image\":{\"@id\":\"https:\/\/www.timevision.it\/timetotalk\/#\/schema\/logo\/image\/\"}}]}<\/script>\n<!-- \/ Yoast SEO plugin. -->","yoast_head_json":{"title":"Generazioni a confronto - Time To Talk - Timevision","description":"Con Rachele Focardi parliamo di generazioni e lavoro: significati diversi, ostacoli, cambiamenti e rivoluzioni. Dal posto fisso al burnout, fino alla nuova idea di libert\u00e0.","robots":{"index":"index","follow":"follow","max-snippet":"max-snippet:-1","max-image-preview":"max-image-preview:large","max-video-preview":"max-video-preview:-1"},"canonical":"https:\/\/www.timevision.it\/timetotalk\/podcast\/generazioni-a-confronto\/","og_locale":"it_IT","og_type":"article","og_title":"Generazioni a confronto - Time To Talk - Timevision","og_description":"Con Rachele Focardi parliamo di generazioni e lavoro: significati diversi, ostacoli, cambiamenti e rivoluzioni. Dal posto fisso al burnout, fino alla nuova idea di libert\u00e0.","og_url":"https:\/\/www.timevision.it\/timetotalk\/podcast\/generazioni-a-confronto\/","og_site_name":"Time To Talk - Timevision","og_image":[{"width":2000,"height":2000,"url":"https:\/\/www.timevision.it\/timetotalk\/wp-content\/uploads\/2026\/04\/6528270_3345914.jpg","type":"image\/jpeg"}],"twitter_card":"summary_large_image","twitter_misc":{"Tempo di lettura stimato":"2 minuti"},"schema":{"@context":"https:\/\/schema.org","@graph":[{"@type":"WebPage","@id":"https:\/\/www.timevision.it\/timetotalk\/podcast\/generazioni-a-confronto\/","url":"https:\/\/www.timevision.it\/timetotalk\/podcast\/generazioni-a-confronto\/","name":"Generazioni a confronto - Time To Talk - Timevision","isPartOf":{"@id":"https:\/\/www.timevision.it\/timetotalk\/#website"},"primaryImageOfPage":{"@id":"https:\/\/www.timevision.it\/timetotalk\/podcast\/generazioni-a-confronto\/#primaryimage"},"image":{"@id":"https:\/\/www.timevision.it\/timetotalk\/podcast\/generazioni-a-confronto\/#primaryimage"},"thumbnailUrl":"https:\/\/www.timevision.it\/timetotalk\/wp-content\/uploads\/2026\/04\/6528270_3345914.jpg","datePublished":"2026-05-01T06:00:00+00:00","description":"Con Rachele Focardi parliamo di generazioni e lavoro: significati diversi, ostacoli, cambiamenti e rivoluzioni. Dal posto fisso al burnout, fino alla nuova idea di libert\u00e0.","breadcrumb":{"@id":"https:\/\/www.timevision.it\/timetotalk\/podcast\/generazioni-a-confronto\/#breadcrumb"},"inLanguage":"it-IT","potentialAction":[{"@type":"ReadAction","target":["https:\/\/www.timevision.it\/timetotalk\/podcast\/generazioni-a-confronto\/"]}]},{"@type":"ImageObject","inLanguage":"it-IT","@id":"https:\/\/www.timevision.it\/timetotalk\/podcast\/generazioni-a-confronto\/#primaryimage","url":"https:\/\/www.timevision.it\/timetotalk\/wp-content\/uploads\/2026\/04\/6528270_3345914.jpg","contentUrl":"https:\/\/www.timevision.it\/timetotalk\/wp-content\/uploads\/2026\/04\/6528270_3345914.jpg","width":2000,"height":2000},{"@type":"BreadcrumbList","@id":"https:\/\/www.timevision.it\/timetotalk\/podcast\/generazioni-a-confronto\/#breadcrumb","itemListElement":[{"@type":"ListItem","position":1,"name":"Home","item":"https:\/\/www.timevision.it\/timetotalk\/"},{"@type":"ListItem","position":2,"name":"Podcast","item":"https:\/\/www.timevision.it\/timetotalk\/podcast\/"},{"@type":"ListItem","position":3,"name":"Generazioni a confronto"}]},{"@type":"WebSite","@id":"https:\/\/www.timevision.it\/timetotalk\/#website","url":"https:\/\/www.timevision.it\/timetotalk\/","name":"Time To Talk - Timevision","description":"","publisher":{"@id":"https:\/\/www.timevision.it\/timetotalk\/#organization"},"potentialAction":[{"@type":"SearchAction","target":{"@type":"EntryPoint","urlTemplate":"https:\/\/www.timevision.it\/timetotalk\/?s={search_term_string}"},"query-input":{"@type":"PropertyValueSpecification","valueRequired":true,"valueName":"search_term_string"}}],"inLanguage":"it-IT"},{"@type":"Organization","@id":"https:\/\/www.timevision.it\/timetotalk\/#organization","name":"Time To Talk - Timevision","url":"https:\/\/www.timevision.it\/timetotalk\/","logo":{"@type":"ImageObject","inLanguage":"it-IT","@id":"https:\/\/www.timevision.it\/timetotalk\/#\/schema\/logo\/image\/","url":"","contentUrl":"","caption":"Time To Talk - Timevision"},"image":{"@id":"https:\/\/www.timevision.it\/timetotalk\/#\/schema\/logo\/image\/"}}]}},"_links":{"self":[{"href":"https:\/\/www.timevision.it\/timetotalk\/wp-json\/wp\/v2\/podcast\/44776","targetHints":{"allow":["GET"]}}],"collection":[{"href":"https:\/\/www.timevision.it\/timetotalk\/wp-json\/wp\/v2\/podcast"}],"about":[{"href":"https:\/\/www.timevision.it\/timetotalk\/wp-json\/wp\/v2\/types\/podcast"}],"author":[{"embeddable":true,"href":"https:\/\/www.timevision.it\/timetotalk\/wp-json\/wp\/v2\/users\/27"}],"replies":[{"embeddable":true,"href":"https:\/\/www.timevision.it\/timetotalk\/wp-json\/wp\/v2\/comments?post=44776"}],"version-history":[{"count":2,"href":"https:\/\/www.timevision.it\/timetotalk\/wp-json\/wp\/v2\/podcast\/44776\/revisions"}],"predecessor-version":[{"id":44780,"href":"https:\/\/www.timevision.it\/timetotalk\/wp-json\/wp\/v2\/podcast\/44776\/revisions\/44780"}],"wp:featuredmedia":[{"embeddable":true,"href":"https:\/\/www.timevision.it\/timetotalk\/wp-json\/wp\/v2\/media\/44777"}],"wp:attachment":[{"href":"https:\/\/www.timevision.it\/timetotalk\/wp-json\/wp\/v2\/media?parent=44776"}],"wp:term":[{"taxonomy":"ai-talks","embeddable":true,"href":"https:\/\/www.timevision.it\/timetotalk\/wp-json\/wp\/v2\/ai-talks?post=44776"},{"taxonomy":"categoria","embeddable":true,"href":"https:\/\/www.timevision.it\/timetotalk\/wp-json\/wp\/v2\/categoria?post=44776"},{"taxonomy":"modalita-dascolto","embeddable":true,"href":"https:\/\/www.timevision.it\/timetotalk\/wp-json\/wp\/v2\/modalita-dascolto?post=44776"},{"taxonomy":"trend","embeddable":true,"href":"https:\/\/www.timevision.it\/timetotalk\/wp-json\/wp\/v2\/trend?post=44776"},{"taxonomy":"author","embeddable":true,"href":"https:\/\/www.timevision.it\/timetotalk\/wp-json\/wp\/v2\/ppma_author?post=44776"}],"curies":[{"name":"wp","href":"https:\/\/api.w.org\/{rel}","templated":true}]}}

<p class="wp-block-paragraph">Baby Boomers, Gen X, Millennials, Gen Z.<br>Etichette che usiamo ogni giorno per spiegare il lavoro… ma quanto raccontano davvero la realtà?<br>In questa puntata di Time to Talk, Maurizio Fiengo ospita Rachele Focardi, tra le voci più autorevoli sul tema delle generazioni e autrice del libro “Generazioni a confronto”.<br>Partiamo da una domanda semplice solo in apparenza: il lavoro ha lo stesso significato per tutte le generazioni o cambia radicalmente a seconda di quando entri nel mercato?<br>Dai Baby Boomers, cresciuti con l’idea del posto fisso, fino alla Gen Z, che non accetta ambienti tossici e cambia senza troppi rimpianti, il lavoro si trasforma insieme alle persone che lo vivono.<br>Non è solo una questione di età, ma di contesto, aspettative, possibilità e limiti.<br>Durante la conversazione tocchiamo anche un tema centrale: siamo davvero partiti tutti dallo stesso punto?<br>Sulla carta sì, ma nella pratica ogni generazione ha incontrato ostacoli diversi, spesso invisibili, legati al periodo storico, al mercato e alla cultura del lavoro.<br>Una puntata che non dà risposte definitive, ma aiuta a leggere meglio il presente.<br>Perché capire le generazioni significa capire il lavoro… e forse anche un po’ noi stessi.</p>

<!-- This site is optimized with the Yoast SEO plugin v25.3 - https://yoast.com/wordpress/plugins/seo/ -->
<title>Generazioni a confronto - Time To Talk - Timevision</title>
<meta name="description" content="Con Rachele Focardi parliamo di generazioni e lavoro: significati diversi, ostacoli, cambiamenti e rivoluzioni. Dal posto fisso al burnout, fino alla nuova idea di libertà." />
<meta name="robots" content="index, follow, max-snippet:-1, max-image-preview:large, max-video-preview:-1" />
<link rel="canonical" href="https://www.timevision.it/timetotalk/podcast/generazioni-a-confronto/" />
<meta property="og:locale" content="it_IT" />
<meta property="og:type" content="article" />
<meta property="og:title" content="Generazioni a confronto - Time To Talk - Timevision" />
<meta property="og:description" content="Con Rachele Focardi parliamo di generazioni e lavoro: significati diversi, ostacoli, cambiamenti e rivoluzioni. Dal posto fisso al burnout, fino alla nuova idea di libertà." />
<meta property="og:url" content="https://www.timevision.it/timetotalk/podcast/generazioni-a-confronto/" />
<meta property="og:site_name" content="Time To Talk - Timevision" />
<meta property="og:image" content="https://www.timevision.it/timetotalk/wp-content/uploads/2026/04/6528270_3345914.jpg" />
	<meta property="og:image:width" content="2000" />
	<meta property="og:image:height" content="2000" />
	<meta property="og:image:type" content="image/jpeg" />
<meta name="twitter:card" content="summary_large_image" />
<meta name="twitter:label1" content="Tempo di lettura stimato" />
	<meta name="twitter:data1" content="2 minuti" />
<script type="application/ld+json" class="yoast-schema-graph">{"@context":"https://schema.org","@graph":[{"@type":"WebPage","@id":"https://www.timevision.it/timetotalk/podcast/generazioni-a-confronto/","url":"https://www.timevision.it/timetotalk/podcast/generazioni-a-confronto/","name":"Generazioni a confronto - Time To Talk - Timevision","isPartOf":{"@id":"https://www.timevision.it/timetotalk/#website"},"primaryImageOfPage":{"@id":"https://www.timevision.it/timetotalk/podcast/generazioni-a-confronto/#primaryimage"},"image":{"@id":"https://www.timevision.it/timetotalk/podcast/generazioni-a-confronto/#primaryimage"},"thumbnailUrl":"https://www.timevision.it/timetotalk/wp-content/uploads/2026/04/6528270_3345914.jpg","datePublished":"2026-05-01T06:00:00+00:00","description":"Con Rachele Focardi parliamo di generazioni e lavoro: significati diversi, ostacoli, cambiamenti e rivoluzioni. Dal posto fisso al burnout, fino alla nuova idea di libertà.","breadcrumb":{"@id":"https://www.timevision.it/timetotalk/podcast/generazioni-a-confronto/#breadcrumb"},"inLanguage":"it-IT","potentialAction":[{"@type":"ReadAction","target":["https://www.timevision.it/timetotalk/podcast/generazioni-a-confronto/"]}]},{"@type":"ImageObject","inLanguage":"it-IT","@id":"https://www.timevision.it/timetotalk/podcast/generazioni-a-confronto/#primaryimage","url":"https://www.timevision.it/timetotalk/wp-content/uploads/2026/04/6528270_3345914.jpg","contentUrl":"https://www.timevision.it/timetotalk/wp-content/uploads/2026/04/6528270_3345914.jpg","width":2000,"height":2000},{"@type":"BreadcrumbList","@id":"https://www.timevision.it/timetotalk/podcast/generazioni-a-confronto/#breadcrumb","itemListElement":[{"@type":"ListItem","position":1,"name":"Home","item":"https://www.timevision.it/timetotalk/"},{"@type":"ListItem","position":2,"name":"Podcast","item":"https://www.timevision.it/timetotalk/podcast/"},{"@type":"ListItem","position":3,"name":"Generazioni a confronto"}]},{"@type":"WebSite","@id":"https://www.timevision.it/timetotalk/#website","url":"https://www.timevision.it/timetotalk/","name":"Time To Talk - Timevision","description":"","publisher":{"@id":"https://www.timevision.it/timetotalk/#organization"},"potentialAction":[{"@type":"SearchAction","target":{"@type":"EntryPoint","urlTemplate":"https://www.timevision.it/timetotalk/?s={search_term_string}"},"query-input":{"@type":"PropertyValueSpecification","valueRequired":true,"valueName":"search_term_string"}}],"inLanguage":"it-IT"},{"@type":"Organization","@id":"https://www.timevision.it/timetotalk/#organization","name":"Time To Talk - Timevision","url":"https://www.timevision.it/timetotalk/","logo":{"@type":"ImageObject","inLanguage":"it-IT","@id":"https://www.timevision.it/timetotalk/#/schema/logo/image/","url":"","contentUrl":"","caption":"Time To Talk - Timevision"},"image":{"@id":"https://www.timevision.it/timetotalk/#/schema/logo/image/"}}]}</script>
<!-- / Yoast SEO plugin. -->

Con Rachele Focardi parliamo di generazioni e lavoro: significati diversi, ostacoli, cambiamenti e rivoluzioni. Dal posto fisso al burnout, fino alla nuova idea di libertà.
